when w is divided by t.
20
Let l(j) = -2 - 5 + 2*j + 0 + j**2. Let h(g) = -g**2 + 7*g + 54. Let u be h(12). What is the remainder when 84 is divided by l(u)?
16
Let t = 25 + 5. Suppose 0*v + 4*v - 53 = 3*u, -3*v - u = -t. Calculate the remainder when v is divided by 6.
5
Suppose -6*m + 15 + 15 = 0. Suppose -m*p - 5*n = -9 - 16, -n = -2*p + 4. Calculate the remainder when p is divided by 6*(4/3 + -1).
1
Let q(g) = 85*g - 674. What is the remainder when 413 is divided by q(8)?
5
Let g(s) = -s + 9. Let z(d) = 2*d - 26. Let f(q) = -11*g(q) - 4*z(q). Let k be f(-6). Let w = -6 - k. What is the remainder when 20 is divided by w?
6
Let d = -161 + 245. Let c(m) = -m**3 + 7*m**2 - 6. Let a be c(7). Let p = 28 + a. Calculate the remainder when d is divided by p.
18
Let g = 12 - -1. Calculate the remainder when 32 is divided by g.
6
Let n be 2*5/(-4)*2. Calculate the remainder when 62 is divided by n/((-36)/(-42) - 1).
27
Let n(i) be the third derivative of -i**6/120 + 2*i**5/15 + i**4/2 + i**3/3 + 14*i**2. Calculate the remainder when 55 is divided by n(9).
26
Suppose 10 = 2*o + 287*z - 280*z, -o - 4*z = -3. Let u(t) = -6*t - 1. Calculate the remainder when o is divided by u(-2).
8
Let y be (3 - 1) + (-1 - -3). Suppose -y*d = -66 - 6. Calculate the remainder when d is divided by 8.
2
Let r = 27 + -11. Suppose 9*c - 65 = r. What is the remainder when 25 is divided by c?
7
Let c = 399 + -389. What is the remainder when 103 is divided by c?
3
Suppose 0 = 2*v + 3*v - 45. Let l(q) = -v*q + 0*q**2 + 15 - 4 + q**2. Calculate the remainder when 10 is divided by l(8).
1
Suppose -34*r + 1407 = 33*r. What is the remainder when r is divided by 8?
5
Let s(l) = -l**2 - 10*l + 20. Let x be s(-10). Suppose -2*v = -6*v + x. Calculate the remainder when 14 is divided by v.
4
Suppose 2*v = -3*d - 2, -5*v + 2 = 2*d - 7*v. Suppose 0 = 3*x + 4*t - 10, d = -4*x + 3*t - t + 50. What is the remainder when 48 is divided by x?
8
Let u(t) = 4*t**2 - 24*t + 193. Calculate the remainder when u(8) is divided by 81.
14
Let j = 17 - 15. Suppose 16 = j*t + 3*t - 4*u, -2*t - 5*u = -13. Suppose 10 = -b - t*b, 3*f = -4*b + 28. Calculate the remainder when f is divided by 3.
0
Let t(h) = 4*h**2 + 2*h - 3. Let c = -10 + 10. Suppose 0 = -0*s + s - 2*n - 8, -4*n - 12 = c. Calculate the remainder when t(s) is divided by 10.
7
Calculate the remainder when 147 is divided by 54/(-24) - (-1743)/28.
27
Suppose 2*g = g + 4. What is the remainder when 69 is divided by (0 - g/8)*-48?
21
Let h(d) = 2*d**2 - 16*d - 2. Let y be h(9). Suppose -5*z - 42 = -3*g + 2, 3*g = -2*z + y. What is the remainder when 22 is divided by g?
6
Let b(s) = -s**2 + 5*s + 10. Let g be b(6). What is the remainder when (-2)/g + (-210)/(-4) is divided by 27?
25
Suppose s - 540 = -5*j, -4*j + 39*s = 38*s - 432. What is the remainder when j is divided by 47?
14
Let j(d) = -d**3 - 2*d**2 + 27*d + 9. Let h be j(-6). Calculate the remainder when (0 - (5 - 0))*h is divided by 27.
18
Let s(l) = -l**2 + 13*l + 68. What is the remainder when 155 is divided by s(16)?
15
Let i(l) = -2*l - 6. Let s be i(-5). Let z = 19 - s. Let n(q) = 6*q**2 - q + 3. What is the remainder when n(-2) is divided by z?
14
Let p(o) = -o**3 - 11*o**2 + 5*o - 6. What is the remainder when 155 is divided by p(-12)?
77
Suppose -2*x - 10 = 0, -13*v = -9*v - 5*x - 981. Calculate the remainder when v is divided by 35.
29
Suppose 6*x = -0*x + 246. What is the remainder when x is divided by 10 + -11 + (-3 - -25)?
20
Suppose -21*p = -19*p - 6. Suppose -3*q + 6 = 0, -p*g - 2 + 0 = -4*q. Calculate the remainder when 5 is divided by g.
1
Suppose -3*j - 2*j + 53 = 2*r, -r = 5*j - 39. Let a = r - 8. Let i(p) = 5*p**2 - 4*p - 1. What is the remainder when i(2) is divided by a?
5
Suppose 5*f = 801 - 286. What is the remainder when f is divided by 16?
7
Let d(w) = 27*w - 2104. What is the remainder when d(80) is divided by (-4)/10 - 82/(-5)?
8
Let q = 181 - 152. What is the remainder when 114 is divided by q?
27
Let s = -33 + 33. Suppose 14*k - 10*k - 68 = s. Calculate the remainder when 41 is divided by k.
7
Suppose -32 = 4*k - 2*w - 112, 0 = 5*w. What is the remainder when 69 is divided by k?
9
Calculate the remainder when (1/2*69)/(33/44) is divided by 12.
10
Let d = -54 + 57. What is the remainder when 6*(38/12)/(d/9) is divided by 20?
17
Suppose 0*f = -6*f + 114. Suppose t + 5*q - 111 = -3*t, 2*q - 58 = -2*t. What is the remainder when t is divided by f?
15
Suppose 636*p - 47 = 635*p. Calculate the remainder when p is divided by 12 - 1 - 1*-1.
11
Suppose -u = -3*h + 13, 4*u - h = 3*u - 3. Suppose -5*i + 6 = 3*v, v + 0 - 2 = i. Calculate the remainder when u is divided by v.
0
Suppose -4*i + 2*p = 8, 0*p + 9 = i + 5*p. Let t = i + 16. What is the remainder when 27 is divided by t?
12
Let r(c) = 2*c**3 + 73*c**2 - 36*c + 58. Calculate the remainder when 1301 is divided by r(-37).
20
Let v = -7 + 1. Let g(z) = z**3 + 8*z**2 + 7*z - 7. Let b(l) = 10*l**3 - 5*l**2 + 3*l + 2. Calculate the remainder when b(2) is divided by g(v).
22
Let y(n) = 4*n + 30. Let g be y(-10). What is the remainder when (-10)/3*96/g is divided by 7?
4
Suppose 34*r = 20938 - 1558. What is the remainder when r is divided by 23?
18
Let v = -68 - -79. What is the remainder when (-191)/(-9) + 6/(-27) is divided by v?
10
Let f be (1/(-3))/(2/(-30))*-23. Let l = 192 + f. Calculate the remainder when l is divided by 26.
25
Let t(o) = o**2 + 3*o + 5. Let m = 23 - 18. Suppose -181 = -m*d - 3*x, 3*x = 4*x - 2. Calculate the remainder when d is divided by t(-4).
8
Suppose 434 + 64 = 2*c. Suppose -3*k + 117 = -c. Calculate the remainder when k is divided by 21.
17
Suppose 3*h + 2*h = 2*s - 39, 4*h + 4 = 0. Suppose 1 = c - s. What is the remainder when 10 is divided by 50/c + 14/63?
1
Suppose 0 = 23*h + 23*h - 15870. What is the remainder when h is divided by 58?
55
Suppose 9*u - 4*u - 5*b = 40, -5*u = 4*b - 4. Let x(f) = u + 2*f - f - 2 + 2. What is the remainder when 35 is divided by x(5)?
8
Suppose u = 9*u - 184. Suppose c + 8 = u. Calculate the remainder when c is divided by 9.
6
Suppose -2*d + 6 + 12 = 0. Suppose -d*u + 14*u = 115. Calculate the remainder when u is divided by 6.
5
What is the remainder when -85*(-3)/((-56)/(-21) - 1) is divided by 77?
76
Suppose 8*s - 384 = 208. Let j = s + -48. Calculate the remainder when j is divided by 9.
8
Let t = 172 - 87. Calculate the remainder when t is divided by 44.
41
Suppose 22*w - 4599 = -639. Calculate the remainder when w is divided by 1/1 - (-5 - 20).
24
Let p = -25 - -27. Suppose 0 = -5*i + 2*u + 179, -p*u = 4 - 0. Calculate the remainder when 103 is divided by i.
33
Let y = 20 - 11. Suppose -5*a + 70 = -120. Suppose 0 = 2*k - a - 12. Calculate the remainder when k is divided by y.
7
Let q(i) = 46*i + 3. Let v be q(-1). Let z = v - -60. Calculate the remainder when 83 is divided by z.
15
Let r = 45 + -23. Suppose -3*c + 121 + 71 = 0. Calculate the remainder when c is divided by r.
20
Let g(q) = q + 10. Let j(c) = 2*c + 21. Let z(s) = -11*g(s) + 6*j(s). Let v be z(-16). Suppose b - 24 - 17 = v. What is the remainder when b is divided by 6?
5
Let z be (-6 - 1) + 20/(-10). Let r = z - -9. What is the remainder when 89 is divided by r + 12/4 + 20?
20
Let p = 60 + -114. Let x = p + 71. Calculate the remainder when 27 is divided by x.
10
Suppose 6*m - 5 = 3*m + j, 3*j = -2*m + 18. Calculate the remainder when (-2)/(-9) + (-1884)/(-27) - m is divided by 20.
7
Let j(v) = 9*v - 156. Suppose 7*u - 39 = 4*u. What is the remainder when j(27) is divided by u?
9
Let o(m) = 5*m**3 + 6*m**2 - 5*m + 9. Let d(a) = -6*a**3 - 6*a**2 + 4*a - 10. Let z(q) = -6*d(q) - 7*o(q). Calculate the remainder when 28 is divided by z(4).
1
Let i(j) = -j**2 + 15*j + 3. Let l be i(15). Suppose 100 = 4*a + 5*c - 24, -2*c + 86 = l*a. Calculate the remainder when a is divided by 7.
5
Suppose 0 = -17*n + 25*n - 152. Calculate the remainder when 73 is divided by n.
16
Let y(i) = -i. Let u(a) = -2*a**2 + 10*a. Let j(k) = -u(k) - 6*y(k). Let t be j(2). Suppose 2*s + t*s = 38. What is the remainder when s is divided by 10?
9
Suppose 0 = -58*s + 62*s - 404. What is the remainder when 401 is divided by s?
98
Let q = 30 - 13. Let r(t) = 7*t + 11. Suppose 0 = -3*b - 4*j + 44, -3*b + 0*j = 3*j - 39. What 